{"id":22,"date":"2015-10-06T15:40:01","date_gmt":"2015-10-06T13:40:01","guid":{"rendered":"http:\/\/www.svensktviltkottef.se\/?page_id=22"},"modified":"2019-05-29T10:53:29","modified_gmt":"2019-05-29T08:53:29","slug":"for-restauranger-och-butiker","status":"publish","type":"page","link":"https:\/\/www.svensktviltkottef.se\/?page_id=22","title":{"rendered":"F\u00f6r restauranger och butiker"},"content":{"rendered":"<p><strong><br \/>\n<a href=\"http:\/\/www.svensktviltkottef.se\/wp-content\/uploads\/2018\/07\/R\u00f6keribild.gif\"><img loading=\"lazy\" decoding=\"async\" class=\"alignleft size-thumbnail wp-image-382\" src=\"http:\/\/www.svensktviltkottef.se\/wp-content\/uploads\/2018\/07\/R\u00f6keribild-150x150.gif\" alt=\"\" width=\"150\" height=\"150\" \/><\/a>Viltk\u00f6tt p\u00e5 Restaurang<\/strong><br \/>\nAtt servera viltk\u00f6tt p\u00e5 sin restaurang \u00e4r ett bra s\u00e4tt att f\u00e5 god och variationsrik mat till sina g\u00e4ster.\u00a0Medvetenheten om mat och matkvalit\u00e9 hos v\u00e5ra restaurangbes\u00f6kare, \u00e4r idag mycket stor, och d\u00e4rf\u00f6r ser vi allt fler krogar som erbjuder viltk\u00f6tt som ett mycket nyttigt och bra alternativ. Viltk\u00f6tt \u00e4r inte bara klimatsmart och f\u00f6rnyelsebart. Det inneh\u00e5ller f\u00f6rutom en hel rad nyttiga \u00e4mnen, ocks\u00e5 en stor m\u00e4ngd omega 3, som vi annars bara f\u00e5r i oss genom fisk. Du finner en karta p\u00e5 alla godk\u00e4nda Vilthanteringsanl\u00e4ggningar under fliken J\u00e4garen\/Godk\u00e4nda Vilthanteringsanl\u00e4ggningar. \u00a0Skulle Du vara i behov av n\u00e5gon speciell styckningsdetalj eller v\u00e4ldigt stora kvantiteter \u00e4r Du varmt v\u00e4lkommen att kontakta oss, s\u00e5 hj\u00e4lper vi dig att hitta n\u00e5gon eller n\u00e5gra anl\u00e4ggningar som har just det Du s\u00f6ker!<\/p>\n<p>T\u00e4nk p\u00e5\u00a0 att tillg\u00e5ngen p\u00e5 viltk\u00f6tt styrs av v\u00e5r jakttabell. Vissa djurslag kan man bara f\u00e5 tag p\u00e5 som f\u00e4rskvara under respektive jakts\u00e4song. D\u00e4remot kan Du n\u00e4stan alltid finna frysta produkter \u00e5ret runt.Detta \u00e4r ocks\u00e5 klokt att t\u00e4nka p\u00e5 i menyplaneringen eftersom vilt, liksom gr\u00f6nsaker och frukt har sina s\u00e4songer och f\u00f6retr\u00e4desvis b\u00f6r serveras d\u00e5!<\/p>\n<p>&nbsp;<\/p>\n","protected":false},"excerpt":{"rendered":"<p>Viltk\u00f6tt p\u00e5 Restaurang Att servera viltk\u00f6tt p\u00e5 sin restaurang \u00e4r ett bra s\u00e4tt att f\u00e5 god och variationsrik mat till sina g\u00e4ster.\u00a0Medvetenheten om mat och matkvalit\u00e9 hos v\u00e5ra restaurangbes\u00f6kare, \u00e4r idag mycket stor, och d\u00e4rf\u00f6r ser vi allt fler krogar&#8230; <a class=\"more-link\" href=\"https:\/\/www.svensktviltkottef.se\/?page_id=22\">Forts\u00e4tt l\u00e4sa &rarr;<\/a><\/p>\n","protected":false},"author":1,"featured_media":0,"parent":0,"menu_order":0,"comment_status":"closed","ping_status":"closed","template":"","meta":{"pgc_meta":"","footnotes":""},"aioseo_notices":[],"pgc_meta":"","_links":{"self":[{"href":"https:\/\/www.svensktviltkottef.se\/index.php?rest_route=\/wp\/v2\/pages\/22"}],"collection":[{"href":"https:\/\/www.svensktviltkottef.se\/index.php?rest_route=\/wp\/v2\/pages"}],"about":[{"href":"https:\/\/www.svensktviltkottef.se\/index.php?rest_route=\/wp\/v2\/types\/page"}],"author":[{"embeddable":true,"href":"https:\/\/www.svensktviltkottef.se\/index.php?rest_route=\/wp\/v2\/users\/1"}],"replies":[{"embeddable":true,"href":"https:\/\/www.svensktviltkottef.se\/index.php?rest_route=%2Fwp%2Fv2%2Fcomments&post=22"}],"version-history":[{"count":9,"href":"https:\/\/www.svensktviltkottef.se\/index.php?rest_route=\/wp\/v2\/pages\/22\/revisions"}],"predecessor-version":[{"id":1018,"href":"https:\/\/www.svensktviltkottef.se\/index.php?rest_route=\/wp\/v2\/pages\/22\/revisions\/1018"}],"wp:attachment":[{"href":"https:\/\/www.svensktviltkottef.se\/index.php?rest_route=%2Fwp%2Fv2%2Fmedia&parent=22"}],"curies":[{"name":"wp","href":"https:\/\/api.w.org\/{rel}","templated":true}]}}